{"id":2,"date":"2016-05-10T03:48:21","date_gmt":"2016-05-10T03:48:21","guid":{"rendered":"http:\/\/paarberatung-hagemann.de\/?page_id=2"},"modified":"2020-03-16T14:30:53","modified_gmt":"2020-03-16T14:30:53","slug":"sample-page","status":"publish","type":"page","link":"https:\/\/paarberatung-hagemann.de\/","title":{"rendered":"Startseite"},"content":{"rendered":"\n<h3 class=\"has-text-align-center wp-block-heading\"><strong>Wege zueinander finden. Distanz \u00fcberbr\u00fccken. Sich  verstanden f\u00fchlen.<\/strong><\/h3>\n\n\n\n<figure class=\"wp-block-image alignfull size-large\"><img fetchpriority=\"high\" decoding=\"async\" width=\"1024\" height=\"416\" src=\"http:\/\/paarberatung-hagemann.de\/wp-content\/uploads\/2019\/12\/Weg-1024x416.jpg\" alt=\"\" class=\"wp-image-114\" srcset=\"https:\/\/paarberatung-hagemann.de\/wp-content\/uploads\/2019\/12\/Weg-1024x416.jpg 1024w, https:\/\/paarberatung-hagemann.de\/wp-content\/uploads\/2019\/12\/Weg-300x122.jpg 300w, https:\/\/paarberatung-hagemann.de\/wp-content\/uploads\/2019\/12\/Weg-768x312.jpg 768w, https:\/\/paarberatung-hagemann.de\/wp-content\/uploads\/2019\/12\/Weg-1536x624.jpg 1536w, https:\/\/paarberatung-hagemann.de\/wp-content\/uploads\/2019\/12\/Weg-2048x832.jpg 2048w\" sizes=\"(max-width: 1024px) 100vw, 1024px\" \/><\/figure>\n\n\n\n<p class=\"has-text-align-right has-small-font-size\">Photo by <a href=\"https:\/\/unsplash.com\/@gallarotti?utm_source=unsplash&amp;utm_medium=referral&amp;utm_content=creditCopyText\">Francesco Gallarotti<\/a> on <a href=\"https:\/\/unsplash.com\/@gallarotti?utm_source=unsplash&amp;utm_medium=referral&amp;utm_content=creditCopyText\">Unsplash<\/a><\/p>\n\n\n\n<p>Am Anfang\u00a0 einer Liebesbeziehung f\u00fchlen wir uns \u00fcbergl\u00fccklich, voller Leichtigkeit und Zuversicht. Im Laufe der Zeit wird der gemeinsame Weg manchmal m\u00fchsam. Wenn Unterschiede nach und nach zu Konflikten und Distanz f\u00fchren, k\u00f6nnen Entt\u00e4uschung, Ohnmacht, Wut, Trauer oder Einsamkeit entstehen.<\/p>\n\n\n\n<p>Dann ist es hilfreich, gemeinsam einen neuen Weg in Richtung Ver\u00e4nderung zu gehen.  <\/p>\n\n\n\n<p>In einer Paarberatung begleite ich Sie dabei. Sie erhalten den Raum, inne zu halten und sich neu auszurichten. Ich unterst\u00fctze Sie mit viel Erfahrung und Einf\u00fchlungsverm\u00f6gen auf Ihrem individuellen Weg, damit Sie sich selbst und Ihren Partner oder Ihre Partnerin (wieder) wahrnehmen und Wege zueinander finden k\u00f6nnen.<\/p>\n","protected":false},"excerpt":{"rendered":"<p>Wege zueinander finden. Distanz \u00fcberbr\u00fccken. Sich verstanden f\u00fchlen. Photo by Francesco Gallarotti on Unsplash Am Anfang\u00a0 einer Liebesbeziehung f\u00fchlen wir uns \u00fcbergl\u00fccklich, voller Leichtigkeit und Zuversicht. Im Laufe der Zeit wird der gemeinsame Weg manchmal m\u00fchsam. Wenn Unterschiede nach und nach zu Konflikten und Distanz f\u00fchren, k\u00f6nnen Entt\u00e4uschung, Ohnmacht, Wut, Trauer oder Einsamkeit entstehen. Dann [&hellip;]<\/p>\n","protected":false},"author":1,"featured_media":0,"parent":0,"menu_order":0,"comment_status":"closed","ping_status":"open","template":"","meta":{"site-sidebar-layout":"default","site-content-layout":"default","ast-site-content-layout":"default","site-content-style":"default","site-sidebar-style":"default","ast-global-header-display":"","ast-banner-title-visibility":"","ast-main-header-display":"","ast-hfb-above-header-display":"","ast-hfb-below-header-display":"","ast-hfb-mobile-header-display":"","site-post-title":"disabled","ast-breadcrumbs-content":"","ast-featured-img":"disabled","footer-sml-layout":"","ast-disable-related-posts":"","theme-transparent-header-meta":"default","adv-header-id-meta":"","stick-header-meta":"","header-above-stick-meta":"","header-main-stick-meta":"","header-below-stick-meta":"","astra-migrate-meta-layouts":"default","ast-page-background-enabled":"default","ast-page-background-meta":{"desktop":{"background-color":"","background-image":"","background-repeat":"repeat","background-position":"center center","background-size":"auto","background-attachment":"scroll","background-type":"","background-media":"","overlay-type":"","overlay-color":"","overlay-opacity":"","overlay-gradient":""},"tablet":{"background-color":"","background-image":"","background-repeat":"repeat","background-position":"center center","background-size":"auto","background-attachment":"scroll","background-type":"","background-media":"","overlay-type":"","overlay-color":"","overlay-opacity":"","overlay-gradient":""},"mobile":{"background-color":"","background-image":"","background-repeat":"repeat","background-position":"center center","background-size":"auto","background-attachment":"scroll","background-type":"","background-media":"","overlay-type":"","overlay-color":"","overlay-opacity":"","overlay-gradient":""}},"ast-content-background-meta":{"desktop":{"background-color":"var(--ast-global-color-5)","background-image":"","background-repeat":"repeat","background-position":"center center","background-size":"auto","background-attachment":"scroll","background-type":"","background-media":"","overlay-type":"","overlay-color":"","overlay-opacity":"","overlay-gradient":""},"tablet":{"background-color":"var(--ast-global-color-5)","background-image":"","background-repeat":"repeat","background-position":"center center","background-size":"auto","background-attachment":"scroll","background-type":"","background-media":"","overlay-type":"","overlay-color":"","overlay-opacity":"","overlay-gradient":""},"mobile":{"background-color":"var(--ast-global-color-5)","background-image":"","background-repeat":"repeat","background-position":"center center","background-size":"auto","background-attachment":"scroll","background-type":"","background-media":"","overlay-type":"","overlay-color":"","overlay-opacity":"","overlay-gradient":""}},"footnotes":""},"class_list":["post-2","page","type-page","status-publish","hentry"],"_links":{"self":[{"href":"https:\/\/paarberatung-hagemann.de\/index.php?rest_route=\/wp\/v2\/pages\/2","targetHints":{"allow":["GET"]}}],"collection":[{"href":"https:\/\/paarberatung-hagemann.de\/index.php?rest_route=\/wp\/v2\/pages"}],"about":[{"href":"https:\/\/paarberatung-hagemann.de\/index.php?rest_route=\/wp\/v2\/types\/page"}],"author":[{"embeddable":true,"href":"https:\/\/paarberatung-hagemann.de\/index.php?rest_route=\/wp\/v2\/users\/1"}],"replies":[{"embeddable":true,"href":"https:\/\/paarberatung-hagemann.de\/index.php?rest_route=%2Fwp%2Fv2%2Fcomments&post=2"}],"version-history":[{"count":35,"href":"https:\/\/paarberatung-hagemann.de\/index.php?rest_route=\/wp\/v2\/pages\/2\/revisions"}],"predecessor-version":[{"id":455,"href":"https:\/\/paarberatung-hagemann.de\/index.php?rest_route=\/wp\/v2\/pages\/2\/revisions\/455"}],"wp:attachment":[{"href":"https:\/\/paarberatung-hagemann.de\/index.php?rest_route=%2Fwp%2Fv2%2Fmedia&parent=2"}],"curies":[{"name":"wp","href":"https:\/\/api.w.org\/{rel}","templated":true}]}}